is the greatest common factor of v and y?
10
Let n be 356/6 - 4/(-6). Suppose 0 = -3*w + 5 + 40. What is the highest common divisor of n and w?
15
Suppose n = 5*n - 8. Calculate the highest common divisor of n and 1.
1
Let m = 119 + 13. Let q(g) = -g**2 + 2*g + 12. Let d be q(0). Calculate the greatest common divisor of d and m.
12
Let u = 19 - 9. Let p(l) = 9*l - 3. Let m be p(2). What is the highest common divisor of u and m?
5
Let q(y) = -y**3 - 9*y**2 + 4*y - 15. Let g be q(-10). What is the highest common factor of g and 30?
15
Let n = 21 + 239. What is the greatest common factor of 20 and n?
20
Let m(k) = k**2 + 3*k + 3. Let i be m(0). Calculate the highest common divisor of i and 6.
3
Let x(j) = 20*j**3 + 4*j**2 - 4*j + 2. Let m be x(3). Let s = -118 + m. Suppose -s - 432 = -5*g. Calculate the greatest common factor of g and 22.
22
Suppose 2*z = 57 - 1. What is the greatest common divisor of z and 42?
14
Suppose 201 = 3*b + 3*f, 2*f - 338 = -5*b - 2*f. What is the highest common factor of b and 56?
14
Let q(f) = -f**3 - 8*f**2 - 10*f - 6. Suppose 4*w = w - 21. Let o be q(w). Let c(x) = x + 2. Let j be c(4). Calculate the highest common factor of o and j.
3
Let t be 3/12 - 2/8. Let g(x) = -x**2 + 28. Let u be g(t). Suppose 2*p - u = -0*p. What is the greatest common factor of p and 14?
14
Let a(w) = w**3 - w**2 + 2. Let b be a(0). Suppose d = -0*p - p + 6, -b*p = 3*d - 18. Calculate the highest common factor of d and 12.
6
Suppose -3*v + 150 = -v. Calculate the highest common factor of v and 50.
25
Let q(i) = 5*i**2 - 3*i - 5. Let m be q(-2). What is the greatest common factor of m and 210?
21
Suppose 5*l - 5 = 5*u, -3*l + 6 = -3. Let h(v) = 6*v**2 - 4*v. Let m be h(5). Let c be m/u + 1 + 0. What is the highest common factor of 6 and c?
6
Let u(k) = 2*k**3 - 15*k**2 + 9*k + 15. Let v be u(10). Calculate the highest common factor of 55 and v.
55
Suppose -5*f + 428 + 97 = 0. What is the greatest common divisor of 21 and f?
21
Suppose -13 = -3*c - 91. Let w be 466/13 - 4/c. Calculate the highest common divisor of 12 and w.
12
Let b(i) = -i**2 - 2 + 0*i**2 + 7*i - 5. Let d be b(6). Let n be -9*2/6*d. Calculate the highest common divisor of n and 6.
3
Suppose -152 = -u + 126. Let h be 6/15 - u/(-5). What is the highest common factor of h and 7?
7
Suppose 5 = -2*c + 9. Suppose c*v - v - 36 = 0. What is the highest common divisor of v and 9?
9
Let a = 3 + 9. What is the greatest common divisor of 48 and a?
12
Suppose 3*j = 4*j - 4. Suppose 2*n - 49 - 31 = 4*l, 0 = j*l. Calculate the highest common divisor of n and 10.
10
Suppose -2*u = -1 - 1, 3*g + 2*u = 146. Let r = g + -21. What is the greatest common divisor of r and 27?
27
Let u(j) = -j**3 + 14*j**2 - 8*j - 29. Let p be u(13). What is the greatest common divisor of p and 12?
12
Let j be ((-2)/(-3))/((-16)/36)*-24. Calculate the highest common factor of j and 12.
12
Let s(b) = -b**2 - 3*b + 2. Let v be s(-3). Suppose 13 = 4*a - l, -5*l - 5 = 5*a - v*l. Let u = 51 - 35. What is the greatest common factor of a and u?
2
Let j be (-2)/(1 - 1/2). Let x = 12 + j. What is the greatest common factor of 40 and x?
8
Suppose 3*j = -u - 0*u + 96, 2*j = -2*u + 196. Calculate the highest common divisor of u and 11.
11
Let g be (-10)/15 - (-166)/6. Let w(c) = 4*c**2 - 1. Suppose 4*v + 6 - 2 = 0. Let u be w(v). What is the greatest common divisor of u and g?
3
Let q be (-56)/(-6)*(9 - 6). Let g = 45 + -31. What is the greatest common factor of g and q?
14
Suppose -3*h - x = 54, 4*x + 28 + 18 = -2*h. Let q = -25 - h. Let g = 20 + q. Calculate the greatest common divisor of g and 8.
4
Suppose -f = -3*f + 6. Suppose f*k - 33 = -c - c, k = 4*c - 3. Let l = 7 - 6. What is the greatest common divisor of l and k?
1
Let p = -19 + 22. What is the highest common factor of 9 and p?
3
Let l(t) = 9*t**3 - 4*t**2 + 3*t - 2. Let m be l(2). Let u be (-1077)/(-45) - (-16)/240. What is the highest common divisor of m and u?
12
Suppose 0 = -4*q + 13 + 11. Suppose -3*v - 3*s + 39 = -2*v, -138 = -3*v - 2*s. What is the greatest common factor of q and v?
6
Let c = -15 - -9. Let v = c + 10. Suppose -2 = 3*u - u, 0 = v*w + 3*u - 97. What is the greatest common divisor of 10 and w?
5
Let x(m) = -8*m**2 - 2*m - 5. Let k(f) = -7*f**2 - 3*f - 5. Let v(w) = 7*k(w) - 6*x(w). Let l be v(-8). Calculate the greatest common factor of l and 27.
3
Suppose 10*n - 7*n - 93 = 0. Calculate the highest common factor of n and 124.
31
Let n(f) be the first derivative of 9*f**2 - 5*f + 5. Let w be n(2). Calculate the highest common divisor of 155 and w.
31
Suppose 3*g - 5*g + 246 = 0. Calculate the greatest common divisor of 41 and g.
41
Let v(b) = -1 - 1 + 0*b**2 + 5*b**2. Let t be v(2). Calculate the greatest common factor of t and 27.
9
Suppose -8*n + 617 = -535. What is the greatest common factor of n and 24?
24
Let b = 30 - -10. What is the highest common divisor of 8 and b?
8
Let r be -4*((-26)/8 + 3). Let q = 12 - r. Calculate the highest common divisor of 11 and q.
11
Let u(d) = d + 15. Let w be u(0). Calculate the highest common factor of 6 and w.
3
Let r be 238/5 + 4/10. Let s be (-2 + 5)*336/63. What is the highest common divisor of r and s?
16
Let p = -6 - -31. Suppose 3*b = -0*k - k + p, b - 5 = -k. Calculate the greatest common divisor of 40 and b.
10
Suppose 13 = -4*g - 3*f, g + 4*f = -6 - 7. Let p(h) = 2*h - h - 1 - h + 35*h**2. Let c be p(g). Calculate the greatest common factor of 51 and c.
17
Let n = -9 - -5. Let w(i) = 1 - 5*i + i**2 - 4 - 2*i**2 + 5. Let j be w(n). Calculate the highest common factor of 54 and j.
6
Let r = 13 - 18. Let w(t) = -t + 2. Let a be w(r). What is the highest common factor of a and 35?
7
Suppose -2*c + c - 5*n + 36 = 0, -3*c = n - 38. Let k = 93 - 38. Calculate the greatest common divisor of c and k.
11
Suppose s = -s + 12. Suppose 10*y - s*y = 300. Calculate the greatest common factor of y and 30.
15
Let f be (-6)/9 - 280/(-15). What is the greatest common factor of 9 and f?
9
Suppose 5 = 4*c - 7. Calculate the greatest common divisor of c and 1.
1
Let f = -47 + 57. What is the highest common factor of f and 110?
10
Let d be 0 - 3 - (-37 + 8). Suppose 2*h - d - 2 = 0. Calculate the highest common factor of 28 and h.
14
Let w = 9 - 17. Let k be (-4)/w - 2/4. Suppose k = 5*c + 3*d - 62, -46 = -3*c + d - 5*d. Calculate the highest common factor of c and 5.
5
Let k be 2/8 - 98/8. Let l = k + 25. Let h(a) = -13*a. Let d be h(-7). Calculate the highest common divisor of d and l.
13
Suppose -3*k + 4*p = -23, 5*k = 3*k + 2*p + 14. Suppose 5*v + 135 = 3*w, -5*w - v + 262 = 3*v. Let c be 4*1*w/4. What is the greatest common divisor of c and k?
5
Suppose -3*q - k = -193, 2*q - 136 = -0*k + 3*k. Let r = -5 + 18. Calculate the highest common divisor of q and r.
13
Suppose 3*t = -4*u + 8, -4*t + u - 2 = -0*t. Let z(c) = c**3 - c**2 + 42. Let x be z(t). Calculate the highest common factor of x and 63.
21
Let b(v) = v**3 - 7*v**2 - 23*v + 11. Let h be b(11). Let r = -25 + 47. Calculate the highest common divisor of r and h.
22
Let k be ((-15)/4)/((-2)/16). What is the greatest common factor of k and 120?
30
Let w = 4 + -4. Let r = 12 + w. Calculate the highest common divisor of 12 and r.
12
Suppose -5*k - 30 = 4*i - i, 2*k + i = -11. Let h(r) = -r**2 - 3*r. Let u be h(k). Let o = 15 + u. What is the greatest common factor of o and 30?
15
Let r = 93 - 61. Calculate the highest common divisor of 48 and r.
16
Suppose -2*t + 64 = 2*t. Let p = -6 + t. What is the highest common divisor of 70 and p?
10
Suppose -r = -2*o - 11, -3*r - o = -6 + 1. Suppose -38 = j - r*j. What is the greatest common factor of 19 and j?
19
Suppose 2*u = -2*u + 76. Calculate the highest common divisor of u and 76.
19
Let k be (-58)/(-18) + (-2)/9 - 1. What is the greatest common divisor of 3 and k?
1
Let y(v) = 6*v**2 - 2*v. Let i be y(-2). Let x = 49 + 21. What is the greatest common factor of x and i?
14
Let u(w) = w**2 + w + 3. Let q be u(-6). Let p be 2/4 - 43/(-2). Calculate the greatest common divisor of p and q.
11
Let k = -25 - -61. What is the highest common factor of 9 and k?
9
Suppose 0 = 2*i + 24. Let c be -4*(-9)/i*-2. Calculate the highest common divisor of c and 24.
6
Let x = 11 + 4. What is the highest common divisor of x and 